 common factor of x and 91?
13
Let q(f) = -18*f - 4. Let m be q(-2). Suppose -m = -2*c + 3*k, c - 3*k = -2*k + 16. What is the highest common factor of 4 and c?
4
Let t be 18*((-2)/(-4) + 1/2). Calculate the highest common factor of 99 and t.
9
Let i = -1200 - -1255. Calculate the highest common divisor of 77 and i.
11
Suppose 2*w + 2*w - 64 = 0. Let a = 8483 + -8371. Calculate the highest common factor of w and a.
16
Let t = 1252 - 802. Calculate the greatest common divisor of 36 and t.
18
Suppose -2*k = -89 - 1. Let s(d) = -d**3 + d + 18. Let b be s(0). What is the greatest common factor of b and k?
9
Suppose j + 0*l = -3*l - 6, -2 = 4*j + l. Suppose -15*h + 12*h + 63 = j. What is the highest common factor of h and 14?
7
Suppose 4*l - 215 + 1523 = 5*i, 5*i - 2*l = 1314. What is the greatest common divisor of 660 and i?
132
Let z be (-8)/14*((-2940)/(-8))/(-15). Let i be ((-84)/(-36))/(2/30). What is the highest common divisor of z and i?
7
Suppose -5*p = 756 - 296. Let z = 6 - p. Calculate the greatest common divisor of 14 and z.
14
Suppose -161 = 8*n - 473. Let c = 132 - 39. Let y = 132 - c. What is the highest common divisor of n and y?
39
Let a be 242/6 + (-1)/(-6)*-2. Suppose -f = -h - 2*f + 5, -2*h + 10 = -3*f. What is the greatest common factor of h and a?
5
Let d = -10 + 14. Suppose d*x - 81 + 9 = 0. Calculate the highest common factor of x and 45.
9
Let n(x) = x**2 + 3*x - 4. Let s be n(-5). Let z be ((-8)/s)/(1/(-3)). Let f be (-14)/2*((-62)/(-31))/2 + 31. Calculate the highest common divisor of z and f.
4
Let s be -2 + ((-1 + -35)/(-6) - -426). What is the highest common divisor of s and 10?
10
Let n = -25 - -79. Let h be (1*n/15)/((-10)/(-125)). Calculate the highest common factor of 18 and h.
9
Let c(s) = s**2 + 5*s + 2. Let y be c(-2). Let k = y - -26. Let a = 39 - k. What is the highest common factor of 153 and a?
17
Let y = 533 + -61. Calculate the greatest common factor of y and 59.
59
Let n(k) = 14*k - 131. Let p be n(27). Calculate the greatest common divisor of 19 and p.
19
Let t be 32/(-4) + (2 - 3). Let s(x) = -5*x + 5*x - x**2 + 10 + x**3 + 8*x + 11*x**2. Let v be s(t). What is the greatest common divisor of v and 95?
19
Let h(u) = -10*u**2 + u + 2. Let k be h(-2). Let i be 9/6*k/(-12). What is the highest common divisor of i and 25?
5
Let z be ((-8)/3)/(8/(-12)). Let i(x) = 19*x + 1. Let u be i(z). Calculate the greatest common divisor of 22 and u.
11
Let j be (-2 - (0 + 0))*-13. Let v = 24 - 74. Let b = v + 89. What is the highest common factor of j and b?
13
Let c(o) be the first derivative of o**3/3 - 4*o**2 - 20*o - 27. Let i be c(12). Calculate the greatest common factor of i and 224.
28
Let w(r) = r**2 - 31*r + 33. Let p be w(33). What is the highest common divisor of 231 and p?
33
Suppose 0 = -2*c - 2*k - 8, c = 2*c + 2*k + 9. Suppose 0 = t - 5*t - 12. Let l(p) = p**2 + 2*p. Let m be l(t). Calculate the highest common factor of m and c.
1
Suppose 0*j = -8*j - 200. Let p = 32 + j. Let v be ((-1)/(-4))/(p/140). Calculate the greatest common factor of v and 45.
5
Let t = 18 - -37. Suppose -4*p = 5*i - t, 3*p - 3*i - 19 = 2. Calculate the highest common factor of p and 50.
10
Let k(f) = f**2 - f + 1. Let d(r) = r**3 - 23*r**2 - 14*r - 8. Let u(q) = -d(q) - 6*k(q). Let p be u(18). Calculate the highest common factor of 19 and p.
19
Suppose -4950 = -10*l - 23*l. Calculate the highest common divisor of 6 and l.
6
Suppose -5*o + 5*w = 190 - 690, -3*o + 4*w = -295. Let k = -5 - -20. Calculate the greatest common factor of k and o.
15
Let g be ((-5)/(-10))/((-3)/(-840)). Let m be -6*(g/(-6) - -2). Suppose 5*h - 88 = -2*n, 5*h + n = 9*h - 60. What is the highest common divisor of h and m?
16
Let f be 3 - (134*2)/(-4). Suppose n - 4*b - 19 = -8*b, -b = 2*n - 17. What is the highest common factor of n and f?
7
Suppose 3*b = 4*o - 2*b + 17, -b + 21 = -3*o. Let g be 4/o + 45/2. What is the highest common factor of g and 33?
11
Let x be (18/(-24)*2)/((-4)/704). Calculate the greatest common factor of 144 and x.
24
Let k = 362 + -329. Calculate the greatest common factor of 33 and k.
33
Suppose 5*i - 4*f = 45 - 378, 4*f = 8. Suppose 0 = -m - x - 3, 2*m + 3*x = 2*x - 8. Let q be i*(-1)/m*-2. What is the highest common divisor of 286 and q?
26
Suppose 0 = 4*n - 0*n + 2*v, -n - 3*v - 10 = 0. Suppose -3*c + 4845 - 4839 = 0. What is the greatest common factor of n and c?
2
Let q be (-36252)/(-1166) - (-1)/(-11). What is the greatest common factor of q and 589?
31
Let o be -1 + -1 - (-5 - 0)*6. Suppose -2*y = -3*w + 42, -71 = -5*w - y - 1. Calculate the greatest common factor of o and w.
14
Let v(z) = -z**2 - 38*z - 198. Let r be v(-22). Let c be (-3)/(1*(-3)/3). Suppose -c*a - 22 = -4*a. Calculate the highest common divisor of r and a.
22
Suppose 2*k = -4*i + 7 + 27, -2 = -2*k + 4*i. Suppose -k*g + 5*g = -64. What is the greatest common divisor of 80 and g?
16
Let c(h) = h**2 - 40*h - 75. Let u be c(42). Let x be ((-5)/4 + 1)*-12. Calculate the highest common divisor of u and x.
3
Let p(k) = -k**2 - 5*k. Let j be p(-3). Let g be (-12)/(-8)*j*2. Suppose 5*m - 481 = q + 510, 5*m = -2*q + 988. Calculate the greatest common factor of g and m.
18
Let x be (-136)/17 + 1 + 31. What is the highest common divisor of 12 and x?
12
Suppose -3*o - 2*o = -910. Let w = -1339 + 1346. What is the highest common factor of o and w?
7
Let l(s) = -3*s**3 + 28*s**2 + 18*s + 24. Let i be l(10). What is the greatest common factor of 60 and i?
4
Let o = -16 + 19. Let v be (-3)/9 - (-82)/o. Let r(j) = j**2 + 243. Let y be r(0). Calculate the greatest common factor of v and y.
27
Suppose p + 11 = 5*r, -p + 18 - 5 = 3*r. Suppose -r*g + 26 = -7. Suppose 35 - g = 4*i. Calculate the greatest common divisor of i and 30.
6
Let o(c) = -54*c - 32. Let a be o(-19). Calculate the highest common divisor of a and 14.
14
Suppose -3*o = 5*z - 61, 3*z - 5*z - 2*o = -22. Calculate the highest common divisor of z and 112.
14
Let d(k) = k**2 - 10*k - 2. Let l be d(10). Let p be -1 + l + -3 + -3. Let f be 92/3 + 6/p. What is the highest common divisor of 15 and f?
15
Let j be (-28)/35*30/(-4). Let p be (-88)/(-6) + (-4)/j. Suppose 0*z = 5*z - 15, 2*a = -5*z + 295. Calculate the greatest common factor of a and p.
14
Let t(i) = -4*i - 2. Let d be t(-8). Suppose -15 = 5*s, 3*o - 141 = -4*s + d. What is the highest common divisor of o and 366?
61
Suppose -116 = -3*q + 3*v - v, 4*q - 5*v - 150 = 0. Let a = 57 - 43. Suppose 7*s - a*s + 140 = 0. What is the highest common divisor of q and s?
20
Suppose 17 + 8 = 5*i - 5*b, 0 = 5*i + 5*b - 35. Suppose -i*d + 7 = -5. What is the greatest common factor of 8 and d?
2
Let o(p) = -2*p + 4*p + p**2 - 1 + 0*p. Let s be o(-4). Calculate the highest common factor of s and 49.
7
Let a(m) = 2*m - 24. Let j be a(18). What is the greatest common factor of 120 and j?
12
Suppose -u + 16 = -6. Suppose 2*f - w = 2, 0 = 4*f - 4*w - 7 - 5. Let x be (-3)/(f/((-22)/(-3))). What is the greatest common factor of x and u?
22
Let h = -721 + 1015. What is the greatest common factor of 126 and h?
42
Let i(b) be the first derivative of b**4/4 + 2*b**3 - b**2/2 + 8*b + 4. Let d be i(-6). What is the highest common factor of d and 7?
7
Let d(z) = z**3 - 14*z**2 + 10*z - 43. Let a be d(16). Calculate the greatest common divisor of 74 and a.
37
Let l = 79 - 77. Let z(w) = 13*w**3 + 1. Let x be z(l). What is the greatest common divisor of x and 21?
21
Suppose 0 = -2*d + 4*d - 100. Suppose 13*o - 10 = 8*o. Suppose -16 - 29 = -5*r - 5*n, -38 = -4*r - o*n. What is the greatest common divisor of r and d?
10
Let r(v) = -v**3 - 6*v**2 + 6*v - 5. Suppose 0 = 8*c - 7*c + 7. Let n be r(c). Calculate the greatest common factor of 16 and n.
2
Suppose -12 = 4*l + 4, s - 24 = -3*l. Suppose -3*t + 60 = t. Let b be (-74)/(-6) + t/(-45). Calculate the highest common divisor of b and s.
12
Suppose -4 = -3*x + 8. Suppose -3 = -c - 5, 4*a - 16 = x*c. Suppose a*k - k = 30. Calculate the greatest common factor of 15 and k.
15
Let n = 73 - 53. Suppose -306 = -26*b + n*b. What is the highest common factor of 68 and b?
17
Let n be (-1)/((4/200)/(-1)). Let q = -34 + n. Calculate the highest common divisor of q and 40.
8
Let d(s) = 8*s + 96. Let y be d(13). What is the highest common diviso